 -r + y = 2*r. What are the prime factors of r?
31
List the prime factors of 14041/1 - (43 - 33).
3, 1559
List the prime factors of ((-5524904)/(-105) - 12) + (28/30)/(-7).
2, 29, 907
Let p = -10517 - -12255. List the prime factors of p.
2, 11, 79
What are the prime factors of (12 + (-12)/24)/((-1)/(-186))?
3, 23, 31
Let a be 8172/66 - (-8)/44. Let o = -95 + a. Suppose x + 2*z - o = 157, -906 = -5*x - 4*z. What are the prime factors of x?
2, 89
Let z = 702 + -386. Suppose 21*w + z = 22*w. List the prime factors of w.
2, 79
Let a = -5217 - -8492. What are the prime factors of a?
5, 131
Suppose 3*w - 9*v - 18904 = -13*v, 5*v + 44181 = 7*w. List the prime factors of w.
2, 19, 83
Let y(r) be the third derivative of -r**5/60 + r**3/3 - 2*r**2. Let d be y(0). Suppose 174 = -d*b + 8*b. What are the prime factors of b?
29
Suppose -3*r + 20 = 5*p, -3*p = -5*r + 2 - 14. Suppose 401 = g - s, 0*g + 5*s - 1631 = -p*g. What are the prime factors of g?
2, 101
Suppose -24 = 7*c - 87. List the prime factors of -3*((-2)/(-4))/(c/(-66)).
11
Suppose 26*o = 113 + 277. Suppose 1463 = 22*t - o*t. What are the prime factors of t?
11, 19
Let i = 11341 + -2837. List the prime factors of i.
2, 1063
Let t = 4150 + -1873. What are the prime factors of t?
3, 11, 23
Let u = 52 - 49. Let r(j) = 14*j**3 - j**2 + 9*j - 6. What are the prime factors of r(u)?
2, 3, 5, 13
Let k(u) = 2*u**2 - 16*u - 1512. List the prime factors of k(101).
2, 3, 2879
Let z(w) = -2*w**3 + 36*w**2 + 40*w - 31. List the prime factors of z(14).
3, 233
Suppose -25*d = -8*d + 230*d - 10172201. What are the prime factors of d?
41183
Suppose -3*r = -2*o - o + 3, 4*r = 2*o + 4. Suppose -2*h = t + r*t + 2, 0 = h + 1. Suppose 2*b + 4*a - 406 = t, a + 0*a + 212 = b. List the prime factors of b.
11, 19
Suppose 5*d + 9*w + 13 = 5*w, -d - 3*w = 7. What are the prime factors of 120/9*3 + d?
3, 13
Suppose 2*n = -3*j + 26030, -17*n = -19*n - 4*j + 26024. What are the prime factors of n?
2, 11, 37
What are the prime factors of (21 + (221 - 21))/((-2)/8*-2)?
2, 13, 17
What are the prime factors of (-2079)/((234/126)/(-13))?
3, 7, 11
Let p be 137*1*(-363)/33. Let l = p + 3380. What are the prime factors of l?
1873
Let y(x) be the first derivative of 11*x**2/2 - 12*x + 33. Let a be y(13). Let s = 133 - a. What are the prime factors of s?
2
Let s = 5214 + -3331. List the prime factors of s.
7, 269
Let p be 1/((-174)/(-84) - 2). Let o(m) = -m**3 + 13*m**2 + 17*m - 10. What are the prime factors of o(p)?
2
Suppose -5*l - 6*l = -4697. Suppose 2035 = 6*m + l. List the prime factors of m + (-6 - -4) + -3.
263
Let r be 3 + (-43)/15 + (-8)/60. Suppose 0 = -2*x + 4*t + 16, 2*t = -3*x - r*t - 8. Suppose -y - y + 76 = x. What are the prime factors of y?
2, 19
Let p(t) be the first derivative of -t**3/3 + 10*t**2 + 9*t + 52. What are the prime factors of p(13)?
2, 5
Let o be (2/8)/((10/10)/16). Suppose -24*n + 26*n + 2726 = 5*v, 0 = 2*n - o. List the prime factors of v.
2, 3, 7, 13
Let y be (3*(-2)/7)/(3/(-14)). Let d(l) = -39*l**2 - 4*l + 7. Let a(j) = 38*j**2 + 3*j - 6. Let p(b) = y*d(b) + 5*a(b). List the prime factors of p(2).
2, 3, 11
Let d = 46 - 141. Let k = d + 125. List the prime factors of k.
2, 3, 5
Let r(a) be the second derivative of a**5/5 + a**4/4 - a**2 - 23*a + 2. List the prime factors of r(2).
2, 3, 7
Let x(q) = -3*q**3 + 10*q**2 - q + 23. Let a(v) = -3*v**3 + 9*v**2 + 23. Let n(z) = -4*a(z) + 3*x(z). List the prime factors of n(7).
691
Let a = -3132 - -7854. What are the prime factors of a?
2, 3, 787
Let b be -9 - -9 - 94/(6/(-3)). Suppose -9*z = -b*z + 23636. List the prime factors of z.
2, 311
Suppose -804 = -0*i - 3*i. Suppose z - i = -4*r - z, -5*r = -4*z - 348. What are the prime factors of (27/(-18))/((-3)/r)?
2, 17
Suppose 3*c + 6 = -3*u, -8*u + 15 = -11*u. Suppose 4*z - 6*l - 36 = -3*l, -4*l = -c*z + 34. List the prime factors of z.
2, 3
Suppose 0 = -4*n - 3*l + 30 + 14, -33 = -3*n - l. Suppose i = n*i - 240. Suppose 38*h = 41*h - i. List the prime factors of h.
2
Let s(k) = -k - 2*k + 11 - 2*k - 5*k. Let i be s(0). Suppose 22 = p - i. What are the prime factors of p?
3, 11
Let y = 3332 - 2695. What are the prime factors of y?
7, 13
Suppose 10*n + 6264 = 7*n. Let v be (-4)/10 + n/(-20). Suppose -v = -3*x + 40. What are the prime factors of x?
2, 3
Suppose 6*i - 2*i = -20, 3*o - 2*i = 46. Suppose o*c - 9*c = 258. What are the prime factors of c?
2, 43
Let b(v) = v**2 - 5*v - 5. Let g be b(7). Suppose 4*y = -6*r + g*r - 938, 5*r + 5*y - 1575 = 0. List the prime factors of r.
2, 157
Let m be 1818/(-16) - ((-455)/(-40) - 11). What are the prime factors of 285/m*2716/(-10)?
7, 97
Suppose 2*j + 4*h - 16 = -3*j, 2*h = j + 8. Suppose 170*g - 115841 = 9*g - 20207. Suppose j = -7*x + 414 + g. What are the prime factors of x?
2, 3
Let l be (108/(-30))/(-3)*(-10)/(-4). Suppose 5*q - l*q + 274 = 0. Let d = q - -232. What are the prime factors of d?
5, 19
Let n be (108/(-90))/((-12)/(-100)). What are the prime factors of 16*5/n + 1561?
1553
Suppose 0 = -4*w - w - 1175. Let q = -81 - w. Suppose 2*a = 28 + q. List the prime factors of a.
7, 13
Let j(r) = 708*r**3 - 5*r**2 - 6*r + 57. List the prime factors of j(3).
2, 3, 5, 7, 13
Let y(z) = z**3 + 5*z**2 + 15*z - 1. Let b be y(-5). Let m = -71 - b. Suppose 485 = m*x + 5*h - 555, -2*x + h = -425. What are the prime factors of x?
211
Suppose -4*m + 47 = 3*i, 2*i + 20 = 22*m - 21*m. Suppose -8*c + m*c = 2076. List the prime factors of c.
2, 173
Let d = 65102 - 36573. List the prime factors of d.
47, 607
Suppose -w + 2242 = -5*r - 11706, w = -3*r + 13908. List the prime factors of w.
3, 7, 13, 17
Let d = -1404 + 12380. What are the prime factors of d?
2, 7
Let g(u) = 143*u**2 - 9*u - 35. Let m be g(-3). Suppose -2*n + m = -4*o + 71, o - 2 = 0. List the prime factors of n.
2, 19
Let z(l) = 26*l**2 + 42*l - 12. List the prime factors of z(8).
2, 7, 71
Let x be 90*(-354)/36*-2. Suppose -147*j = -153*j + x. What are the prime factors of j?
5, 59
Suppose -3*y - 144001 = -5*p, 25*p - 8*y - 86382 = 22*p. List the prime factors of p.
2, 14401
Suppose -5*b + 58636 = -3*d, 2*b - 768*d - 23443 = -763*d. List the prime factors of b.
37, 317
Suppose 0 = -17*o - 57 + 6. List the prime factors of -1 - 4 - (-1011)/o*-3.
2, 503
List the prime factors of (-56)/(-1064) - (-1062780)/76.
2, 19, 23
Suppose 286*a + 312752 + 34216 = 310*a. List the prime factors of a.
3, 61, 79
Let y be (-1 + 5 + -2 + -3)*-99. Let v = -56 + y. Suppose 45*f - 56 = v*f. What are the prime factors of f?
2, 7
Let q(x) = -x**2 + 7*x + 5. Let f be q(7). Suppose -f*b + 4*k = 2, -2*b + 0*k = k - 7. Suppose b*s - 36 = -2*j, 0*j + j - 2*s = 9. List the prime factors of j.
3, 5
Let c(x) = 2*x**3 + 5*x**2 - 2*x + 19. Suppose 2*t + 2*n = 0, 5*t - 7 = 2*n + 21. What are the prime factors of c(t)?
3, 73
Let n(p) = p**2 + 9*p - 15. Let w be n(-9). Let h be (-3 + w/(-9))*(-3)/2. Suppose -c = -h*c + 188. List the prime factors of c.
2, 47
Let i be -1*(-8)/28 + (-36723)/(-21). Suppose -12*s = -2091 - i. What are the prime factors of s?
2, 5
Suppose 0*g = g + 437. Let i = -203 - g. What are the prime factors of i?
2, 3, 13
Suppose -19*f + 4 = -15*f. What are the prime factors of 1/(1*f/1)*386?
2, 193
Let c(d) = -29*d - 33. Let t be c(-6). Let s = 179 - t. What are the prime factors of s?
2, 19
Suppose -36*u + 33*u + 22 = -4*i, -u = -4*i - 18. Suppose 0 = 7*l - 0*l - 105. Suppose -5*x + l = -u*x, 0 = -3*c + 4*x + 442. What are the prime factors of c?
2, 7, 11
Let f = -252 + 198. Let k = 28 - f. What are the prime factors of k?
2, 41
Let c(t) = -2*t**2 + 488*t - 3928. List the prime factors of c(195).
2, 7591
Let n be 1 + 0 - (2 - 1). Let k = -704 + 707. Suppose l - 4 = n, 2*h = -k*l + 120 + 4. List the prime factors of h.
2, 7
Suppose -3*x = 3*x - 30. Let v(q) = -q**2 + q - 1. Let i(y) = 4*y + 14. Let g(u) = -i(u) - 2*v(u). What are the prime factors of g(x)?
2
Suppose v + v = 168. Let q(f) = -f**3 + 9*f**2 + 41*f - 16. Let s be q(12). Let h = v - s. What are the prime factors of h?
2, 5
Suppose 6*w - 5537 = -2*z + 5*w, 0 = 3*z - w - 8298. What are the prime factors of z?
2767
Let k(x) = -11*x**3 + 3*x**2 + x - 30. Let c be k(-6). Suppose 302*n = 299*n + c. What are the prime factors of n?
2, 3, 17
Let r = 13 + -13. Let q(d) = -3